1000 - 211110?
-1002110
In base 16, what is -69 + 542?
4d9
In base 11, what is -14 - 26388?
-263a1
In base 15, what is -5614d8 + -2?
-5614da
In base 10, what is 11873 + 24?
11897
In base 4, what is -233312102 + -2?
-233312110
In base 8, what is 3 - -145443?
145446
In base 12, what is 55 + -76b?
-716
In base 3, what is -102020 - -1012?
-101001
In base 9, what is 3233 - -3?
3236
In base 2, what is 1000111010 + 11010000?
1100001010
In base 6, what is -2252 + 1435?
-413
In base 11, what is 93959 + 4?
93962
In base 9, what is 77782 + 51?
77843
In base 16, what is 21b01 + -5?
21afc
In base 16, what is 8120 - 6?
811a
In base 5, what is 3 - -200442?
201000
In base 11, what is -7 - 8737?
-8743
In base 14, what is -1b - a0?
-bb
In base 11, what is -5 + 2271a?
22715
In base 3, what is -1210212 + -100102?
-2011021
In base 2, what is -101 - 100101010000100?
-100101010001001
In base 15, what is -8 - -312a?
3122
In base 14, what is 0 + 2a60?
2a60
In base 16, what is -1daa + 5?
-1da5
In base 16, what is 689 + 4b1?
b3a
In base 12, what is -a + -378?
-386
In base 16, what is 27 + -11b06?
-11adf
In base 14, what is 45 + 63d?
684
In base 7, what is -3 + -104204?
-104210
In base 2, what is 1100 + 1000110100100000?
1000110100101100
In base 8, what is -4 + 75645?
75641
In base 13, what is 1 + -21c514?
-21c513
In base 9, what is 43 + 230473?
230526
In base 13, what is -ac860 - 1?
-ac861
In base 11, what is 231 + 2a05?
3136
In base 11, what is -9 + -228429?
-228437
In base 2, what is 10101011 + -1101001000?
-1010011101
In base 14, what is 1 + c4a?
c4b
In base 2, what is 1001 + -110001010?
-110000001
In base 10, what is -81735 - -6?
-81729
In base 13, what is -241586 - 4?
-24158a
In base 5, what is -3 + -4330334?
-4330342
In base 5, what is 2144 + -241?
1403
In base 2, what is -1111001011100 + 11101?
-1111000111111
In base 9, what is 102245 - -4?
102250
In base 15, what is b9c - -9?
ba6
In base 11, what is -6947 + -4?
-6950
In base 9, what is 161 - -30758?
31030
In base 3, what is -1022012 - -2200?
-1012112
In base 11, what is -13687 - 1?
-13688
In base 8, what is -5241 + -350?
-5611
In base 11, what is -5783 - 54?
-5827
In base 2, what is 1101 - -1111001?
10000110
In base 6, what is 2 - 150521?
-150515
In base 11, what is 6 + -4155?
-414a
In base 9, what is 4 + -477?
-473
In base 6, what is -11455 - 2203?
-14102
In base 9, what is -53 + 530?
466
In base 11, what is 1 + 184004?
184005
In base 5, what is -2020404 + 123?
-2020231
In base 16, what is 20d6 + 1b?
20f1
In base 10, what is -2417 + 135?
-2282
In base 15, what is c - -2009?
2016
In base 6, what is -5415 + 33?
-5342
In base 9, what is 2 + 805664?
805666
In base 11, what is -3511 - -65?
-3457
In base 15, what is 64d17b - -3?
64d17e
In base 8, what is -405 - 47?
-454
In base 2, what is -110001101 + -1100011010?
-10010100111
In base 12, what is -3898 - 0?
-3898
In base 15, what is -9 - -1e37?
1e2d
In base 10, what is -53 - 980?
-1033
In base 15, what is -299 + 1a?
-27e
In base 7, what is -24615 + 26?
-24556
In base 7, what is -40 - 542?
-612
In base 16, what is 1 - 31c15?
-31c14
In base 11, what is -31563a + 0?
-31563a
In base 7, what is -36563061 + -1?
-36563062
In base 10, what is 569 + -2?
567
In base 11, what is 62 - -984?
a36
In base 4, what is -321331 + -123?
-322120
In base 9, what is -1721 - 381?
-2212
In base 6, what is -5 + -242030?
-242035
In base 5, what is -102103124 - 2?
-102103131
In base 9, what is 1183 - 368?
714
In base 11, what is -a15 + 34?
-991
In base 14, what is -3c9ca + 2?
-3c9c8
In base 16, what is -73e2 - -4?
-73de
In base 8, what is -5607 + 7?
-5600
In base 15, what is 3 + 2651?
2654
In base 13, what is 223 + -c7?
129
In base 11, what is 6a262 - -1a?
6a281
In base 8, what is -332300 - 11?
-332311
In base 6, what is -1530245 - 11?
-1530300
In base 6, what is 232503 + -3?
232500
In base 7, what is 10101 - -2024?
12125
In base 9, what is 64255 + -120?
64135
In base 15, what is -12 - 1893?
-18a5
In base 3, what is 2021010 + -10001?
2011002
In base 16, what is -10125 + 3?
-10122
In base 8, what is -170000 + 2?
-167776
In base 12, what is -2a + 2751?
2723
In base 13, what is ac1a + 73?
ac90
In base 11, what is 7324 + -79?
7256
In base 6, what is 504 - 1533?
-1025
In base 6, what is -130 + 11111?
10541
In base 4, what is 221 + 30132301?
30133122
In base 12, what is 1331b + 1?
13320
In base 15, what is 0 + 69de?
69de
In base 12, what is -647258 + 5?
-647253
In base 5, what is -21434240 - -23?
-21434212
In base 4, what is -110 - -222232?
222122
In base 11, what is -1 - 22334?
-22335
In base 13, what is -1671 - -a9?
-1595
In base 5, what is 12242 + -3?
12234
In base 2, what is -10110101000110011110 - -1?
-10110101000110011101
In base 6, what is 3112 + -102?
3010
In base 9, what is -5 + 1158?
1153
In base 2, what is -100010110000011 - -10?
-100010110000001
In base 11, what is -3 - 8404?
-8407
In base 10, what is -711 - 114?
-825
In base 7, what is -154006 + -43?
-154052
In base 8, what is -264453 - -2?
-264451
In base 10, what is 24329 - 5?
24324
In base 9, what is -5 + -415400?
-415405
In base 12, what is -574 + -6b22?
-7496
In base 3, what is -22021 - -21212220?
21120122
In base 5, what is 10 - 11022040?
-11022030
In base 6, what is 2130250 - 1?
2130245
In base 3, what is 12 - 2000210110?
-2000210021
In base 10, what is -644 - -398?
-246
In base 4, what is -100130 - -1022?
-33102
In base 16, what is -1 - 6c8f1?
-6c8f2
In base 9, what is -365314 + -2?
-365316
In base 9, what is 13 - -133818?
133832
In base 6, what is -35553 - -403?
-35150
In base 6, what is 100 + 5101?
5201
In base 13, what is 2b849 + -4?
2b845
In base 7, what is -3 + 23533?
23530
In base 5, what is -13 + 302040?
302022
In base 5, what is 1 - 1242230?
-1242224
In base 4, what is 20 - -21113?
21133
In base 11, what is 43697 + -4?
43693
In base 10, what is -11 - 43290?
-43301
In base 7, what is -6641 + -66?
-10040
In base 4, what is -10323101 - 0?
-10323101
In base 5, what is 244 - 124210?
-123411
In base 16, what is -3 + -1b62?
-1b65
In base 14, what is c - -421da?
42208
In base 11, what is -821 + 79?
-753
In base 10, what is 88 - -255?
343
In base 5, what is 13013 + 41?
13104
In base 10, what is 281 + 39?
320
In base 14, what is -7 - -671aa?
671a3
In base 14, what is 4c5d + 18?
4c77
In base 7, what is 603525 + 2?
603530
In base 15, what is -42 + 98e0?
989d
In base 3, what is 221200 + 21210?
1020110
In base 13, what is 492 + 20?
4b2
In base 15, what is -8201 - 1?
-8202
In base 4, what is 10110 - -1122?
11232
In base 8, what is 16542 + -23?
16517
In base 5, what is -212 + -3342?
-4104
In base 4, what is -12 - -103222?
103210
In base 3, what is 120121 - -2012220?
2210111
In base 8, what is 6255 + -266?
5767
In base 2, what is 1 - 1100011100111000?
-1100011100110111
In base 15, what is -3929 + 3?
-3926
In base 9, what is -7562 + 15?
-7546
In base 6, what is -10030 + 111?
-5515
In base 2, what is 110 + 10001001101010101?
10001001101011011
In base 12, what is -28b91 - 4?
-28b95
In base 9, what is -1 - 76240?
-76241
In base 3, what is 100112202 + -1221?
100110211
In base 9, what is 121146 - 5?
121141
In base 4, what is -22 - -23133?
23111
In base 13, what is 30 - 20105?
-200a5
In base 9, what is 5077567 + -5?
5077562
In base 11, what is 4031 - 6?
4026
In base 8, what is 147312 - 3?
147307
In base 9, what is -2 - -3455401?
3455388
In base 13, what is -aa5c - -1?
-aa5b
In base 2, what is 1011011011 + 10111?
1011110010
In base 14, what is 77c4 + -3?
77c1
In base 2, what is 0 - 101111011001001?
-101111011001001
In base 15, what is -1e + d95d?
d93e
In base 14, what is -51 + 1c?
-33
In base 7, what is -106 + 12202?
12063
In base 2, what is -10011100110111111 + 1?
-10011100110111110
In base 6, what is 113 - -3152?
3305
In base 7, what is -106 + -52513?
-52622
In base 6, what is -1314302 - -2?
-1314300
In base 13, what is -4 - 6ab3?
-6ab7
In base 6, what is -12 - 15441?
-15453
In base 14, what is da65 - -2?
da67
In base 15, what is -1abb73 - -5?
-1abb6d
In base 9, what is 53 + -1675?
-1622
In base 7, what is -224022 + 55?
-223634
In base 11, what is -7a74 - -5?
-7a6a
In base 9, what is 1 - 752236?
-752235
In base 6, what is 135 - 410?
-231
In base 15, what is -2 - -10266?
10264
In base 15, what is 79d77 - -2?
79d79
In base 5, what is 3404341